{"id":6234,"date":"2025-03-10T20:33:48","date_gmt":"2025-03-10T20:33:48","guid":{"rendered":"https:\/\/hotelgalanta.sk\/new-en\/?page_id=6234"},"modified":"2025-03-10T20:33:48","modified_gmt":"2025-03-10T20:33:48","slug":"rezervacia","status":"publish","type":"page","link":"https:\/\/hotelgalanta.sk\/new-en\/rezervacia\/","title":{"rendered":"Rezerv\u00e1cia"},"content":{"rendered":"\t\t<div data-elementor-type=\"wp-page\" data-elementor-id=\"6234\" class=\"elementor elementor-6234\">\n\t\t\t\t<div class=\"elementor-element elementor-element-0235b6c e-flex e-con-boxed e-con e-parent\" data-id=\"0235b6c\" data-element_type=\"container\" data-settings=\"{&quot;background_background&quot;:&quot;classic&quot;}\">\n\t\t\t\t\t<div class=\"e-con-inner\">\n\t\t<div class=\"elementor-element elementor-element-33f5ea8 e-con-full e-flex e-con e-child\" data-id=\"33f5ea8\" data-element_type=\"container\" data-settings=\"{&quot;background_background&quot;:&quot;classic&quot;}\">\n\t\t\t\t<div class=\"elementor-element elementor-element-c64ccde elementor-widget elementor-widget-heading\" data-id=\"c64ccde\" data-element_type=\"widget\" data-widget_type=\"heading.default\">\n\t\t\t\t<div class=\"elementor-widget-container\">\n\t\t\t\t\t<h2 class=\"elementor-heading-title elementor-size-default\">Reservation<\/h2>\t\t\t\t<\/div>\n\t\t\t\t<\/div>\n\t\t\t\t<div class=\"elementor-element elementor-element-e649962 eael-contact-form-7-button-align-center eael-contact-form-7-button-custom elementor-widget elementor-widget-eael-contact-form-7\" data-id=\"e649962\" data-element_type=\"widget\" data-widget_type=\"eael-contact-form-7.default\">\n\t\t\t\t<div class=\"elementor-widget-container\">\n\t\t\t\t\t<div class=\"eael-contact-form-7-wrapper\">\n                <div class=\"eael-contact-form eael-contact-form-7 eael-contact-form-e649962 eael-custom-radio-checkbox eael-contact-form-align-default\">\n<div class=\"wpcf7 no-js\" id=\"wpcf7-f5078-o1\" lang=\"sk-SK\" dir=\"ltr\" data-wpcf7-id=\"5078\">\n<div class=\"screen-reader-response\"><p role=\"status\" aria-live=\"polite\" aria-atomic=\"true\"><\/p> <ul><\/ul><\/div>\n<form action=\"\/new-en\/wp-json\/wp\/v2\/pages\/6234#wpcf7-f5078-o1\" method=\"post\" class=\"wpcf7-form init\" aria-label=\"Kontaktn\u00fd formul\u00e1r\" novalidate=\"novalidate\" data-status=\"init\">\n<div style=\"display: none;\">\n<input type=\"hidden\" name=\"_wpcf7\" value=\"5078\" \/>\n<input type=\"hidden\" name=\"_wpcf7_version\" value=\"6.0.6\" \/>\n<input type=\"hidden\" name=\"_wpcf7_locale\" value=\"sk_SK\" \/>\n<input type=\"hidden\" name=\"_wpcf7_unit_tag\" value=\"wpcf7-f5078-o1\" \/>\n<input type=\"hidden\" name=\"_wpcf7_container_post\" value=\"0\" \/>\n<input type=\"hidden\" name=\"_wpcf7_posted_data_hash\" value=\"\" \/>\n<input type=\"hidden\" name=\"_wpcf7dtx_version\" value=\"5.0.3\" \/>\n<input type=\"hidden\" name=\"_wpcf7_recaptcha_response\" value=\"\" \/>\n<\/div>\n<div class=\"my-form-style\">\n<span class=\"wpcf7-form-control-wrap CF7_counter\" data-name=\"CF7_counter\"><input type=\"hidden\" name=\"CF7_counter\" class=\"wpcf7-form-control wpcf7-hidden wpcf7dtx wpcf7dtx-hidden\" aria-invalid=\"false\" value=\"CF7_counter\"><\/span>\n\t<div class=\"formreze\">\n\t\t<p><label class=\"my-form-label\">Your Name (required)<br \/>\n<span class=\"wpcf7-form-control-wrap\" data-name=\"your-name\"><input size=\"40\" maxlength=\"400\" class=\"wpcf7-form-control wpcf7-text wpcf7-validates-as-required\" aria-required=\"true\" aria-invalid=\"false\" value=\"\" type=\"text\" name=\"your-name\" \/><\/span> <\/label>\n\t\t<\/p>\n\t\t<p><label class=\"my-form-label\">Address<br \/>\n<span class=\"wpcf7-form-control-wrap\" data-name=\"adresa\"><input size=\"40\" maxlength=\"400\" class=\"wpcf7-form-control wpcf7-text\" aria-invalid=\"false\" value=\"\" type=\"text\" name=\"adresa\" \/><\/span> <\/label>\n\t\t<\/p>\n\t\t<p><label class=\"my-form-label\">City<br \/>\n<span class=\"wpcf7-form-control-wrap\" data-name=\"mesto\"><input size=\"40\" maxlength=\"400\" class=\"wpcf7-form-control wpcf7-text\" aria-invalid=\"false\" value=\"\" type=\"text\" name=\"mesto\" \/><\/span> <\/label>\n\t\t<\/p>\n\t\t<p><label class=\"my-form-label\">ZIP Code<br \/>\n<span class=\"wpcf7-form-control-wrap\" data-name=\"psc\"><input size=\"40\" maxlength=\"400\" class=\"wpcf7-form-control wpcf7-text\" aria-invalid=\"false\" value=\"\" type=\"text\" name=\"psc\" \/><\/span> <\/label>\n\t\t<\/p>\n\t\t<p><label class=\"my-form-label\">Date (required)<br \/>\n<span class=\"wpcf7-form-control-wrap\" data-name=\"terminod\"><input class=\"wpcf7-form-control wpcf7-date wpcf7-validates-as-date my-form-date\" min=\"2026-04-26\" aria-invalid=\"false\" value=\"\" type=\"date\" name=\"terminod\" \/><\/span> <\/label>\n\t\t<\/p>\n\t\t<p><label class=\"my-form-label\">Departure Date (required)<br \/>\n<span class=\"wpcf7-form-control-wrap\" data-name=\"termindo\"><input class=\"wpcf7-form-control wpcf7-date wpcf7-validates-as-date my-form-date\" min=\"2026-04-26\" aria-invalid=\"false\" value=\"\" type=\"date\" name=\"termindo\" \/><\/span> <\/label>\n\t\t<\/p>\n\t\t<p><label class=\"my-form-label\">Room types<br \/>\n<span class=\"wpcf7-form-control-wrap\" data-name=\"pobyt\"><select class=\"wpcf7-form-control wpcf7-select my-form-select\" aria-invalid=\"false\" name=\"pobyt\"><option value=\"\">\u2014Please choose an option\u2014<\/option><option value=\"Single Room  - 65\u20ac\/night\">Single Room  - 65\u20ac\/night<\/option><option value=\"Double Room for single person - 73\u20ac\/night\">Double Room for single person - 73\u20ac\/night<\/option><option value=\"Double Room  - 87\u20ac\/night\">Double Room  - 87\u20ac\/night<\/option><option value=\"Suite for 1 - 103\u20ac\/night\">Suite for 1 - 103\u20ac\/night<\/option><option value=\"Suite for 2 - 112\u20ac\/night\">Suite for 2 - 112\u20ac\/night<\/option><option value=\"Suite for 3 - 125\u20ac\/night\">Suite for 3 - 125\u20ac\/night<\/option><option value=\"Suite for 4 - 141\u20ac\/night\">Suite for 4 - 141\u20ac\/night<\/option><\/select><\/span><\/label>\n\t\t<\/p>\n\t\t<p>The reservation price includes breakfast and the price of one euro per night for the room tax.\n\t\t<\/p>\n\t\t<p><label class=\"my-form-label\">Additional bed (19\u20ac per night)<br \/>\n<span class=\"wpcf7-form-control-wrap\" data-name=\"pristelka\"><select class=\"wpcf7-form-control wpcf7-select my-form-select\" aria-invalid=\"false\" name=\"pristelka\"><option value=\"\">\u2014Please choose an option\u2014<\/option><option value=\"yes\">yes<\/option><option value=\"no\">no<\/option><\/select><\/span><\/label>\n\t\t<\/p>\n\t\t<p><label class=\"my-form-label\">Email (required)<br \/>\n<span class=\"wpcf7-form-control-wrap\" data-name=\"your-email\"><input size=\"40\" maxlength=\"400\" class=\"wpcf7-form-control wpcf7-email wpcf7-validates-as-required wpcf7-text wpcf7-validates-as-email\" aria-required=\"true\" aria-invalid=\"false\" value=\"\" type=\"email\" name=\"your-email\" \/><\/span> <\/label>\n\t\t<\/p>\n\t\t<p><label class=\"my-form-label\">Country<br \/>\n<span class=\"wpcf7-form-control-wrap\" data-name=\"krajina\"><input size=\"40\" maxlength=\"400\" class=\"wpcf7-form-control wpcf7-text\" aria-invalid=\"false\" value=\"\" type=\"text\" name=\"krajina\" \/><\/span> <\/label>\n\t\t<\/p>\n\t\t<p><label class=\"my-form-label\">Phone<br \/>\n<span class=\"wpcf7-form-control-wrap\" data-name=\"telefon\"><input size=\"40\" maxlength=\"400\" class=\"wpcf7-form-control wpcf7-text\" aria-invalid=\"false\" value=\"\" type=\"text\" name=\"telefon\" \/><\/span><\/label>\n\t\t<\/p>\n\t\t<p><label class=\"my-form-label\">Your Message<br \/>\n<span class=\"wpcf7-form-control-wrap\" data-name=\"your-message\"><textarea cols=\"40\" rows=\"10\" maxlength=\"2000\" class=\"wpcf7-form-control wpcf7-textarea\" aria-invalid=\"false\" name=\"your-message\"><\/textarea><\/span> <\/label>\n\t\t<\/p>\n\t\t<p class=\"my-form-text\"> Your personal information will be used to process your reservation, simplify the use of this website and for other purposes described in <a href=\"https:\/\/www.hotelgalanta.sk\/new-en\/privacy-policy\/\" >\"Privacy Policy\"<\/a>.\n\t\t<\/p>\n\t\t<p class=\"my-form-text\"><span class=\"wpcf7-form-control-wrap\" data-name=\"acceptance-0\"><span class=\"wpcf7-form-control wpcf7-acceptance\"><span class=\"wpcf7-list-item\"><input type=\"checkbox\" name=\"acceptance-0\" value=\"1\" checked=\"checked\" class=\"my-form-acceptance\" aria-invalid=\"false\" \/><\/span><\/span><\/span> I agree with the processing of personal data in accordance with GDPR and the new Act no. 18\/2018 Z. z. about the protection of personal data, to the extent of the name, surname, address, town, postcode, e-mail address, phone number, country, term of stay, room type (extra bed) for sending a quote.\n\t\t<\/p>\n\t\n\t\t<p><input class=\"wpcf7-form-control wpcf7-submit has-spinner my-form-submit\" type=\"submit\" value=\"Send\" \/>\n\t\t<\/p>\n\t<\/div>\n<\/div><div class=\"wpcf7-response-output\" aria-hidden=\"true\"><\/div>\n<\/form>\n<\/div>\n<\/div>\n            <\/div>\t\t\t\t<\/div>\n\t\t\t\t<\/div>\n\t\t\t\t<\/div>\n\t\t\t\t\t<\/div>\n\t\t\t\t<\/div>\n\t\t\t\t<\/div>\n\t\t","protected":false},"excerpt":{"rendered":"<p>Reservation Your Name (required) Address City ZIP Code Date (required) Departure Date (required) Room types \u2014Zvo\u013ete pros\u00edm mo\u017enos\u0165\u2014Single Room &#8211; 59\u20ac\/nightDouble Room for single person &#8211; 67\u20ac\/nightDouble Room &#8211; 79\u20ac\/nightSuite for 1 &#8211; 94\u20ac\/nightSuite for 2 &#8211; 102\u20ac\/nightSuite for 3 &#8211; 112\u20ac\/nightSuite for 4 &#8211; 125\u20ac\/night The reservation price includes breakfast and the price of [&hellip;]<\/p>\n","protected":false},"author":3,"featured_media":0,"parent":0,"menu_order":0,"comment_status":"closed","ping_status":"open","template":"elementor_header_footer","meta":{"ngg_post_thumbnail":0,"footnotes":""},"class_list":["post-6234","page","type-page","status-publish","hentry"],"aioseo_notices":[],"_links":{"self":[{"href":"https:\/\/hotelgalanta.sk\/new-en\/wp-json\/wp\/v2\/pages\/6234","targetHints":{"allow":["GET"]}}],"collection":[{"href":"https:\/\/hotelgalanta.sk\/new-en\/wp-json\/wp\/v2\/pages"}],"about":[{"href":"https:\/\/hotelgalanta.sk\/new-en\/wp-json\/wp\/v2\/types\/page"}],"author":[{"embeddable":true,"href":"https:\/\/hotelgalanta.sk\/new-en\/wp-json\/wp\/v2\/users\/3"}],"replies":[{"embeddable":true,"href":"https:\/\/hotelgalanta.sk\/new-en\/wp-json\/wp\/v2\/comments?post=6234"}],"version-history":[{"count":1,"href":"https:\/\/hotelgalanta.sk\/new-en\/wp-json\/wp\/v2\/pages\/6234\/revisions"}],"predecessor-version":[{"id":6236,"href":"https:\/\/hotelgalanta.sk\/new-en\/wp-json\/wp\/v2\/pages\/6234\/revisions\/6236"}],"wp:attachment":[{"href":"https:\/\/hotelgalanta.sk\/new-en\/wp-json\/wp\/v2\/media?parent=6234"}],"curies":[{"name":"wp","href":"https:\/\/api.w.org\/{rel}","templated":true}]}}