{"id":2337,"date":"2016-11-21T13:13:52","date_gmt":"2016-11-21T13:13:52","guid":{"rendered":"https:\/\/www.hotelgalanta.sk\/?page_id=2337"},"modified":"2025-02-14T14:39:49","modified_gmt":"2025-02-14T14:39:49","slug":"neogoticky-kastiel","status":"publish","type":"page","link":"https:\/\/hotelgalanta.sk\/new\/okolie\/neogoticky-kastiel\/","title":{"rendered":"Neogotick\u00fd ka\u0161tiel"},"content":{"rendered":"\t\t<div data-elementor-type=\"wp-page\" data-elementor-id=\"2337\" class=\"elementor elementor-2337\">\n\t\t\t\t<div class=\"elementor-element elementor-element-a365131 e-flex e-con-boxed e-con e-parent\" data-id=\"a365131\" data-element_type=\"container\">\n\t\t\t\t\t<div class=\"e-con-inner\">\n\t\t\t\t<div class=\"elementor-element elementor-element-9cd9743 elementor-widget elementor-widget-heading\" data-id=\"9cd9743\" data-element_type=\"widget\" data-widget_type=\"heading.default\">\n\t\t\t\t<div class=\"elementor-widget-container\">\n\t\t\t\t\t<h2 class=\"elementor-heading-title elementor-size-default\">NEOGOTICK\u00dd <b class=\"my-brown\">KA\u0160TIE\u013d<\/b><\/h2>\t\t\t\t<\/div>\n\t\t\t\t<\/div>\n\t\t\t\t<div class=\"elementor-element elementor-element-b698751 elementor-widget elementor-widget-text-editor\" data-id=\"b698751\" data-element_type=\"widget\" data-widget_type=\"text-editor.default\">\n\t\t\t\t<div class=\"elementor-widget-container\">\n\t\t\t\t\t\t\t\t\t<p>Dne\u0161n\u00fd neogotick\u00fd ka\u0161tiel&#8216; dali postavi\u0165 v roku 1633 bratia Daniel a Pavol Esterh\u00e1zyovci v obdob\u00ed prv\u00e9ho mohutn\u00e9ho rozmachu moci a hospod\u00e1rskej prosperity rodu. \u010eal\u0161\u00ed \u010dlen rodu Imrich, nitriansky biskup dal v roku 1736 objekt prestava\u0165 v barokovom slohu.<\/p><p>Na ka\u0161tieli boli zah\u00e1jen\u00e9 rekon\u0161truk\u010dn\u00e9 pr\u00e1ce. V r\u00e1mci t\u00fdchto pr\u00e1c sa vybudovali nov\u00e9 priestory , pribudla aj nov\u00e1 kaviare\u0148 s vin\u00e1r\u0148ou nazvan\u00e1 Esterh\u00e1zy, ktor\u00e1 je kr\u00e1sne doladen\u00e1 historick\u00fdmi ma\u013ebami a\u00a0pr\u00edjemn\u00fdm vinn\u00fdm barom v\u00a0suter\u00e9ne.<\/p>\t\t\t\t\t\t\t\t<\/div>\n\t\t\t\t<\/div>\n\t\t\t\t\t<\/div>\n\t\t\t\t<\/div>\n\t\t<div class=\"elementor-element elementor-element-cae6141 e-flex e-con-boxed e-con e-child\" data-id=\"cae6141\" data-element_type=\"container\" data-settings=\"{&quot;background_background&quot;:&quot;classic&quot;}\">\n\t\t\t\t\t<div class=\"e-con-inner\">\n\t\t\t\t<div class=\"elementor-element elementor-element-78c4bc9 elementor-widget elementor-widget-heading\" data-id=\"78c4bc9\" data-element_type=\"widget\" data-widget_type=\"heading.default\">\n\t\t\t\t<div class=\"elementor-widget-container\">\n\t\t\t\t\t<h2 class=\"elementor-heading-title elementor-size-default\"><b class=\"my-brown\">GAL\u00c9RIA<\/b><\/h2>\t\t\t\t<\/div>\n\t\t\t\t<\/div>\n\t\t\t\t<div class=\"elementor-element elementor-element-2388a72 my-gallery gallery-spacing-custom elementor-widget elementor-widget-image-gallery\" data-id=\"2388a72\" data-element_type=\"widget\" data-widget_type=\"image-gallery.default\">\n\t\t\t\t<div class=\"elementor-widget-container\">\n\t\t\t\t\t\t\t<div class=\"elementor-image-gallery\">\n\t\t\t<div id='gallery-1' class='gallery galleryid-2337 gallery-columns-3 gallery-size-large'><figure class='gallery-item'>\n\t\t\t<div class='gallery-icon landscape'>\n\t\t\t\t<a data-elementor-open-lightbox=\"yes\" data-elementor-lightbox-slideshow=\"2388a72\" data-elementor-lightbox-title=\"neogoticky-kastiel0\" data-e-action-hash=\"#elementor-action%3Aaction%3Dlightbox%26settings%3DeyJpZCI6NTM0NiwidXJsIjoiaHR0cHM6XC9cL2hvdGVsZ2FsYW50YS5za1wvbmV3XC93cC1jb250ZW50XC91cGxvYWRzXC8yMDI1XC8wMlwvbmVvZ290aWNreS1rYXN0aWVsMC0xLmpwZyIsInNsaWRlc2hvdyI6IjIzODhhNzIifQ%3D%3D\" href='https:\/\/hotelgalanta.sk\/new\/wp-content\/uploads\/2025\/02\/neogoticky-kastiel0-1.jpg'><img fetchpriority=\"high\" decoding=\"async\" width=\"1024\" height=\"683\" src=\"https:\/\/hotelgalanta.sk\/new\/wp-content\/uploads\/2025\/02\/neogoticky-kastiel0-1-1024x683.jpg\" class=\"attachment-large size-large\" alt=\"\" srcset=\"https:\/\/hotelgalanta.sk\/new\/wp-content\/uploads\/2025\/02\/neogoticky-kastiel0-1-1024x683.jpg 1024w, https:\/\/hotelgalanta.sk\/new\/wp-content\/uploads\/2025\/02\/neogoticky-kastiel0-1-300x200.jpg 300w, https:\/\/hotelgalanta.sk\/new\/wp-content\/uploads\/2025\/02\/neogoticky-kastiel0-1-768x512.jpg 768w, https:\/\/hotelgalanta.sk\/new\/wp-content\/uploads\/2025\/02\/neogoticky-kastiel0-1-1536x1025.jpg 1536w, https:\/\/hotelgalanta.sk\/new\/wp-content\/uploads\/2025\/02\/neogoticky-kastiel0-1-600x400.jpg 600w, https:\/\/hotelgalanta.sk\/new\/wp-content\/uploads\/2025\/02\/neogoticky-kastiel0-1.jpg 1920w\" sizes=\"(max-width: 1024px) 100vw, 1024px\" \/><\/a>\n\t\t\t<\/div><\/figure><figure class='gallery-item'>\n\t\t\t<div class='gallery-icon landscape'>\n\t\t\t\t<a data-elementor-open-lightbox=\"yes\" data-elementor-lightbox-slideshow=\"2388a72\" data-elementor-lightbox-title=\"neogoticky-kastiel1\" data-e-action-hash=\"#elementor-action%3Aaction%3Dlightbox%26settings%3DeyJpZCI6NTM0NywidXJsIjoiaHR0cHM6XC9cL2hvdGVsZ2FsYW50YS5za1wvbmV3XC93cC1jb250ZW50XC91cGxvYWRzXC8yMDI1XC8wMlwvbmVvZ290aWNreS1rYXN0aWVsMS5qcGciLCJzbGlkZXNob3ciOiIyMzg4YTcyIn0%3D\" href='https:\/\/hotelgalanta.sk\/new\/wp-content\/uploads\/2025\/02\/neogoticky-kastiel1.jpg'><img decoding=\"async\" width=\"1024\" height=\"683\" src=\"https:\/\/hotelgalanta.sk\/new\/wp-content\/uploads\/2025\/02\/neogoticky-kastiel1-1024x683.jpg\" class=\"attachment-large size-large\" alt=\"\" srcset=\"https:\/\/hotelgalanta.sk\/new\/wp-content\/uploads\/2025\/02\/neogoticky-kastiel1-1024x683.jpg 1024w, https:\/\/hotelgalanta.sk\/new\/wp-content\/uploads\/2025\/02\/neogoticky-kastiel1-300x200.jpg 300w, https:\/\/hotelgalanta.sk\/new\/wp-content\/uploads\/2025\/02\/neogoticky-kastiel1-768x512.jpg 768w, https:\/\/hotelgalanta.sk\/new\/wp-content\/uploads\/2025\/02\/neogoticky-kastiel1-1536x1025.jpg 1536w, https:\/\/hotelgalanta.sk\/new\/wp-content\/uploads\/2025\/02\/neogoticky-kastiel1-600x400.jpg 600w, https:\/\/hotelgalanta.sk\/new\/wp-content\/uploads\/2025\/02\/neogoticky-kastiel1.jpg 1920w\" sizes=\"(max-width: 1024px) 100vw, 1024px\" \/><\/a>\n\t\t\t<\/div><\/figure><figure class='gallery-item'>\n\t\t\t<div class='gallery-icon landscape'>\n\t\t\t\t<a data-elementor-open-lightbox=\"yes\" data-elementor-lightbox-slideshow=\"2388a72\" data-elementor-lightbox-title=\"neogoticky-kastiel2\" data-e-action-hash=\"#elementor-action%3Aaction%3Dlightbox%26settings%3DeyJpZCI6NTM0OCwidXJsIjoiaHR0cHM6XC9cL2hvdGVsZ2FsYW50YS5za1wvbmV3XC93cC1jb250ZW50XC91cGxvYWRzXC8yMDI1XC8wMlwvbmVvZ290aWNreS1rYXN0aWVsMi0xLmpwZyIsInNsaWRlc2hvdyI6IjIzODhhNzIifQ%3D%3D\" href='https:\/\/hotelgalanta.sk\/new\/wp-content\/uploads\/2025\/02\/neogoticky-kastiel2-1.jpg'><img decoding=\"async\" width=\"1024\" height=\"683\" src=\"https:\/\/hotelgalanta.sk\/new\/wp-content\/uploads\/2025\/02\/neogoticky-kastiel2-1-1024x683.jpg\" class=\"attachment-large size-large\" alt=\"\" srcset=\"https:\/\/hotelgalanta.sk\/new\/wp-content\/uploads\/2025\/02\/neogoticky-kastiel2-1-1024x683.jpg 1024w, https:\/\/hotelgalanta.sk\/new\/wp-content\/uploads\/2025\/02\/neogoticky-kastiel2-1-300x200.jpg 300w, https:\/\/hotelgalanta.sk\/new\/wp-content\/uploads\/2025\/02\/neogoticky-kastiel2-1-768x512.jpg 768w, https:\/\/hotelgalanta.sk\/new\/wp-content\/uploads\/2025\/02\/neogoticky-kastiel2-1-1536x1025.jpg 1536w, https:\/\/hotelgalanta.sk\/new\/wp-content\/uploads\/2025\/02\/neogoticky-kastiel2-1-600x400.jpg 600w, https:\/\/hotelgalanta.sk\/new\/wp-content\/uploads\/2025\/02\/neogoticky-kastiel2-1.jpg 1920w\" sizes=\"(max-width: 1024px) 100vw, 1024px\" \/><\/a>\n\t\t\t<\/div><\/figure>\n\t\t<\/div>\n\t\t<\/div>\n\t\t\t\t\t\t<\/div>\n\t\t\t\t<\/div>\n\t\t\t\t\t<\/div>\n\t\t\t\t<\/div>\n\t\t\t\t<\/div>\n\t\t","protected":false},"excerpt":{"rendered":"<p>NEOGOTICK\u00dd KA\u0160TIE\u013d Dne\u0161n\u00fd neogotick\u00fd ka\u0161tiel&#8216; dali postavi\u0165 v roku 1633 bratia Daniel a Pavol Esterh\u00e1zyovci v obdob\u00ed prv\u00e9ho mohutn\u00e9ho rozmachu moci a hospod\u00e1rskej prosperity rodu. \u010eal\u0161\u00ed \u010dlen rodu Imrich, nitriansky biskup dal v roku 1736 objekt prestava\u0165 v barokovom slohu. Na ka\u0161tieli boli zah\u00e1jen\u00e9 rekon\u0161truk\u010dn\u00e9 pr\u00e1ce. V r\u00e1mci t\u00fdchto pr\u00e1c sa vybudovali nov\u00e9 priestory , [&hellip;]<\/p>\n","protected":false},"author":1,"featured_media":0,"parent":147,"menu_order":0,"comment_status":"closed","ping_status":"closed","template":"elementor_header_footer","meta":{"ngg_post_thumbnail":0,"footnotes":""},"class_list":["post-2337","page","type-page","status-publish","hentry"],"aioseo_notices":[],"_links":{"self":[{"href":"https:\/\/hotelgalanta.sk\/new\/wp-json\/wp\/v2\/pages\/2337","targetHints":{"allow":["GET"]}}],"collection":[{"href":"https:\/\/hotelgalanta.sk\/new\/wp-json\/wp\/v2\/pages"}],"about":[{"href":"https:\/\/hotelgalanta.sk\/new\/wp-json\/wp\/v2\/types\/page"}],"author":[{"embeddable":true,"href":"https:\/\/hotelgalanta.sk\/new\/wp-json\/wp\/v2\/users\/1"}],"replies":[{"embeddable":true,"href":"https:\/\/hotelgalanta.sk\/new\/wp-json\/wp\/v2\/comments?post=2337"}],"version-history":[{"count":26,"href":"https:\/\/hotelgalanta.sk\/new\/wp-json\/wp\/v2\/pages\/2337\/revisions"}],"predecessor-version":[{"id":5503,"href":"https:\/\/hotelgalanta.sk\/new\/wp-json\/wp\/v2\/pages\/2337\/revisions\/5503"}],"up":[{"embeddable":true,"href":"https:\/\/hotelgalanta.sk\/new\/wp-json\/wp\/v2\/pages\/147"}],"wp:attachment":[{"href":"https:\/\/hotelgalanta.sk\/new\/wp-json\/wp\/v2\/media?parent=2337"}],"curies":[{"name":"wp","href":"https:\/\/api.w.org\/{rel}","templated":true}]}}