{"id":3154,"date":"2020-12-06T19:58:01","date_gmt":"2020-12-06T19:58:01","guid":{"rendered":"https:\/\/hotelgalanta.sk\/new\/?page_id=3154"},"modified":"2026-04-19T07:16:18","modified_gmt":"2026-04-19T07:16:18","slug":"tyzdenne-menu","status":"publish","type":"page","link":"https:\/\/hotelgalanta.sk\/new\/gastronomia\/tyzdenne-menu\/","title":{"rendered":"T\u00fd\u017edenn\u00e9 menu"},"content":{"rendered":"<p><a href=\"https:\/\/hotelgalanta.sk\/new\/gastronomia\/tyzdenne-menu\/20-04-24-04-2026-sj-re_page-0001\/\" rel=\"attachment wp-att-6565\"><img fetchpriority=\"high\" decoding=\"async\" class=\"alignnone size-full wp-image-6565\" src=\"https:\/\/hotelgalanta.sk\/new\/wp-content\/uploads\/2026\/04\/20.04.-24.04.2026-SJ-RE_page-0001.jpg\" alt=\"\" width=\"1241\" height=\"1755\" srcset=\"https:\/\/hotelgalanta.sk\/new\/wp-content\/uploads\/2026\/04\/20.04.-24.04.2026-SJ-RE_page-0001.jpg 1241w, https:\/\/hotelgalanta.sk\/new\/wp-content\/uploads\/2026\/04\/20.04.-24.04.2026-SJ-RE_page-0001-212x300.jpg 212w, https:\/\/hotelgalanta.sk\/new\/wp-content\/uploads\/2026\/04\/20.04.-24.04.2026-SJ-RE_page-0001-724x1024.jpg 724w, https:\/\/hotelgalanta.sk\/new\/wp-content\/uploads\/2026\/04\/20.04.-24.04.2026-SJ-RE_page-0001-768x1086.jpg 768w, https:\/\/hotelgalanta.sk\/new\/wp-content\/uploads\/2026\/04\/20.04.-24.04.2026-SJ-RE_page-0001-1086x1536.jpg 1086w, https:\/\/hotelgalanta.sk\/new\/wp-content\/uploads\/2026\/04\/20.04.-24.04.2026-SJ-RE_page-0001-600x849.jpg 600w\" sizes=\"(max-width: 1241px) 100vw, 1241px\" \/><\/a><\/p>\n","protected":false},"excerpt":{"rendered":"","protected":false},"author":3,"featured_media":0,"parent":49,"menu_order":0,"comment_status":"closed","ping_status":"closed","template":"","meta":{"ngg_post_thumbnail":0,"footnotes":""},"class_list":["post-3154","page","type-page","status-publish","hentry"],"aioseo_notices":[],"_links":{"self":[{"href":"https:\/\/hotelgalanta.sk\/new\/wp-json\/wp\/v2\/pages\/3154","targetHints":{"allow":["GET"]}}],"collection":[{"href":"https:\/\/hotelgalanta.sk\/new\/wp-json\/wp\/v2\/pages"}],"about":[{"href":"https:\/\/hotelgalanta.sk\/new\/wp-json\/wp\/v2\/types\/page"}],"author":[{"embeddable":true,"href":"https:\/\/hotelgalanta.sk\/new\/wp-json\/wp\/v2\/users\/3"}],"replies":[{"embeddable":true,"href":"https:\/\/hotelgalanta.sk\/new\/wp-json\/wp\/v2\/comments?post=3154"}],"version-history":[{"count":447,"href":"https:\/\/hotelgalanta.sk\/new\/wp-json\/wp\/v2\/pages\/3154\/revisions"}],"predecessor-version":[{"id":6566,"href":"https:\/\/hotelgalanta.sk\/new\/wp-json\/wp\/v2\/pages\/3154\/revisions\/6566"}],"up":[{"embeddable":true,"href":"https:\/\/hotelgalanta.sk\/new\/wp-json\/wp\/v2\/pages\/49"}],"wp:attachment":[{"href":"https:\/\/hotelgalanta.sk\/new\/wp-json\/wp\/v2\/media?parent=3154"}],"curies":[{"name":"wp","href":"https:\/\/api.w.org\/{rel}","templated":true}]}}