{"id":67,"date":"2015-01-22T04:40:05","date_gmt":"2015-01-22T04:40:05","guid":{"rendered":"https:\/\/www.hotelgalanta.sk\/?page_id=67"},"modified":"2025-02-04T20:35:28","modified_gmt":"2025-02-04T20:35:28","slug":"svadby","status":"publish","type":"page","link":"https:\/\/hotelgalanta.sk\/new\/svadby\/","title":{"rendered":"Svadby"},"content":{"rendered":"<h3 style=\"text-align: center;\"><div class=\"symple-column symple-one-third symple-column-first  \">\n<a title=\"Svadobn\u00e1 agent\u00fara\" href=\"https:\/\/www.hotelgalanta.sk\/svadby\/agentura\/\">Svadobn\u00e1 agent\u00fara<\/a><br \/>\n<\/div><\/h3>\n<h3 style=\"text-align: center;\"><div class=\"symple-column symple-one-third symple-column-middle  \">\n<a title=\"Svadobn\u00e9  menu\" href=\"https:\/\/www.hotelgalanta.sk\/svadby\/svadby\/\">Svadobn\u00e9 menu<\/a><br \/>\n<\/div><\/h3>\n<h3 style=\"text-align: center;\"><div class=\"symple-column symple-one-third symple-column-last  \">\n<a title=\"Dekor\u00e1cie\" href=\"https:\/\/www.hotelgalanta.sk\/svadby\/dekoracie\/\">Dekor\u00e1cie<\/a><br \/>\n<\/div><div class=\"symple-clear-floats\"><\/div><\/h3>\n<h3 style=\"text-align: center;\"><div class=\"symple-column symple-one-half symple-column-first  \">\n<a title=\"Z\u00e1bava\" href=\"https:\/\/www.hotelgalanta.sk\/svadby\/zabava\/\">Z\u00e1bava<\/a><br \/>\n<\/div><\/h3>\n<h3 style=\"text-align: center;\"><div class=\"symple-column symple-one-half symple-column-last  \">\n<a title=\"N\u00e1\u0161 dar\u010dek\" href=\"https:\/\/www.hotelgalanta.sk\/svadby\/nas-darcek\/\">N\u00e1\u0161 dar\u010dek<\/a><\/div><div class=\"symple-clear-floats\"><\/div><\/h3>\n<p><!-- index.php -->\n<div\n\tclass=\"ngg-galleryoverview\n\t ngg-ajax-pagination-none\t\"\n\tid=\"ngg-gallery-b9ce6845fabc4c8319ad98ce436d9716-1\">\n\n\t\t\t<!-- Thumbnails -->\n\t\t\t\t<div id=\"ngg-image-0\" class=\"ngg-gallery-thumbnail-box\"\n\t\t\t\t\t\t\t\t\t\t\t>\n\t\t\t\t\t\t<div class=\"ngg-gallery-thumbnail\">\n\t\t\t<a href=\"https:\/\/hotelgalanta.sk\/new\/wp-content\/gallery\/svadby\/1.jpg\"\n\t\t\t\ttitle=\"\"\n\t\t\t\tdata-src=\"https:\/\/hotelgalanta.sk\/new\/wp-content\/gallery\/svadby\/1.jpg\"\n\t\t\t\tdata-thumbnail=\"https:\/\/hotelgalanta.sk\/new\/wp-content\/gallery\/svadby\/thumbs\/thumbs_1.jpg\"\n\t\t\t\tdata-image-id=\"64\"\n\t\t\t\tdata-title=\"svadby\"\n\t\t\t\tdata-description=\"\"\n\t\t\t\tdata-image-slug=\"1-jpg-7\"\n\t\t\t\tclass=\"ngg-fancybox\" rel=\"b9ce6845fabc4c8319ad98ce436d9716\">\n\t\t\t\t<img\n\t\t\t\t\ttitle=\"svadby\"\n\t\t\t\t\talt=\"svadby\"\n\t\t\t\t\tsrc=\"https:\/\/hotelgalanta.sk\/new\/wp-content\/gallery\/svadby\/thumbs\/thumbs_1.jpg\"\n\t\t\t\t\twidth=\"128\"\n\t\t\t\t\theight=\"96\"\n\t\t\t\t\tstyle=\"max-width:100%;\"\n\t\t\t\t\/>\n\t\t\t<\/a>\n\t\t<\/div>\n\t\t\t\t\t\t\t<\/div>\n\t\t\t\n\t\t\n\t\t\t\t<div id=\"ngg-image-1\" class=\"ngg-gallery-thumbnail-box\"\n\t\t\t\t\t\t\t\t\t\t\t>\n\t\t\t\t\t\t<div class=\"ngg-gallery-thumbnail\">\n\t\t\t<a href=\"https:\/\/hotelgalanta.sk\/new\/wp-content\/gallery\/svadby\/2.jpg\"\n\t\t\t\ttitle=\"\"\n\t\t\t\tdata-src=\"https:\/\/hotelgalanta.sk\/new\/wp-content\/gallery\/svadby\/2.jpg\"\n\t\t\t\tdata-thumbnail=\"https:\/\/hotelgalanta.sk\/new\/wp-content\/gallery\/svadby\/thumbs\/thumbs_2.jpg\"\n\t\t\t\tdata-image-id=\"65\"\n\t\t\t\tdata-title=\"svadby\"\n\t\t\t\tdata-description=\"\"\n\t\t\t\tdata-image-slug=\"2-jpg-7\"\n\t\t\t\tclass=\"ngg-fancybox\" rel=\"b9ce6845fabc4c8319ad98ce436d9716\">\n\t\t\t\t<img\n\t\t\t\t\ttitle=\"svadby\"\n\t\t\t\t\talt=\"svadby\"\n\t\t\t\t\tsrc=\"https:\/\/hotelgalanta.sk\/new\/wp-content\/gallery\/svadby\/thumbs\/thumbs_2.jpg\"\n\t\t\t\t\twidth=\"128\"\n\t\t\t\t\theight=\"96\"\n\t\t\t\t\tstyle=\"max-width:100%;\"\n\t\t\t\t\/>\n\t\t\t<\/a>\n\t\t<\/div>\n\t\t\t\t\t\t\t<\/div>\n\t\t\t\n\t\t\n\t\t\t\t<div id=\"ngg-image-2\" class=\"ngg-gallery-thumbnail-box\"\n\t\t\t\t\t\t\t\t\t\t\t>\n\t\t\t\t\t\t<div class=\"ngg-gallery-thumbnail\">\n\t\t\t<a href=\"https:\/\/hotelgalanta.sk\/new\/wp-content\/gallery\/svadby\/3.jpg\"\n\t\t\t\ttitle=\"\"\n\t\t\t\tdata-src=\"https:\/\/hotelgalanta.sk\/new\/wp-content\/gallery\/svadby\/3.jpg\"\n\t\t\t\tdata-thumbnail=\"https:\/\/hotelgalanta.sk\/new\/wp-content\/gallery\/svadby\/thumbs\/thumbs_3.jpg\"\n\t\t\t\tdata-image-id=\"66\"\n\t\t\t\tdata-title=\"svadby\"\n\t\t\t\tdata-description=\"\"\n\t\t\t\tdata-image-slug=\"3-jpg-7\"\n\t\t\t\tclass=\"ngg-fancybox\" rel=\"b9ce6845fabc4c8319ad98ce436d9716\">\n\t\t\t\t<img\n\t\t\t\t\ttitle=\"svadby\"\n\t\t\t\t\talt=\"svadby\"\n\t\t\t\t\tsrc=\"https:\/\/hotelgalanta.sk\/new\/wp-content\/gallery\/svadby\/thumbs\/thumbs_3.jpg\"\n\t\t\t\t\twidth=\"128\"\n\t\t\t\t\theight=\"96\"\n\t\t\t\t\tstyle=\"max-width:100%;\"\n\t\t\t\t\/>\n\t\t\t<\/a>\n\t\t<\/div>\n\t\t\t\t\t\t\t<\/div>\n\t\t\t\n\t\t\n\t\t\t\t<div id=\"ngg-image-3\" class=\"ngg-gallery-thumbnail-box\"\n\t\t\t\t\t\t\t\t\t\t\t>\n\t\t\t\t\t\t<div class=\"ngg-gallery-thumbnail\">\n\t\t\t<a href=\"https:\/\/hotelgalanta.sk\/new\/wp-content\/gallery\/svadby\/4.jpg\"\n\t\t\t\ttitle=\"\"\n\t\t\t\tdata-src=\"https:\/\/hotelgalanta.sk\/new\/wp-content\/gallery\/svadby\/4.jpg\"\n\t\t\t\tdata-thumbnail=\"https:\/\/hotelgalanta.sk\/new\/wp-content\/gallery\/svadby\/thumbs\/thumbs_4.jpg\"\n\t\t\t\tdata-image-id=\"67\"\n\t\t\t\tdata-title=\"svadby\"\n\t\t\t\tdata-description=\"\"\n\t\t\t\tdata-image-slug=\"4-jpg-7\"\n\t\t\t\tclass=\"ngg-fancybox\" rel=\"b9ce6845fabc4c8319ad98ce436d9716\">\n\t\t\t\t<img\n\t\t\t\t\ttitle=\"svadby\"\n\t\t\t\t\talt=\"svadby\"\n\t\t\t\t\tsrc=\"https:\/\/hotelgalanta.sk\/new\/wp-content\/gallery\/svadby\/thumbs\/thumbs_4.jpg\"\n\t\t\t\t\twidth=\"128\"\n\t\t\t\t\theight=\"96\"\n\t\t\t\t\tstyle=\"max-width:100%;\"\n\t\t\t\t\/>\n\t\t\t<\/a>\n\t\t<\/div>\n\t\t\t\t\t\t\t<\/div>\n\t\t\t\n\t\t\n\t\t\t\t<div id=\"ngg-image-4\" class=\"ngg-gallery-thumbnail-box\"\n\t\t\t\t\t\t\t\t\t\t\t>\n\t\t\t\t\t\t<div class=\"ngg-gallery-thumbnail\">\n\t\t\t<a href=\"https:\/\/hotelgalanta.sk\/new\/wp-content\/gallery\/svadby\/5.jpg\"\n\t\t\t\ttitle=\"\"\n\t\t\t\tdata-src=\"https:\/\/hotelgalanta.sk\/new\/wp-content\/gallery\/svadby\/5.jpg\"\n\t\t\t\tdata-thumbnail=\"https:\/\/hotelgalanta.sk\/new\/wp-content\/gallery\/svadby\/thumbs\/thumbs_5.jpg\"\n\t\t\t\tdata-image-id=\"68\"\n\t\t\t\tdata-title=\"svadby\"\n\t\t\t\tdata-description=\"\"\n\t\t\t\tdata-image-slug=\"5-jpg-7\"\n\t\t\t\tclass=\"ngg-fancybox\" rel=\"b9ce6845fabc4c8319ad98ce436d9716\">\n\t\t\t\t<img\n\t\t\t\t\ttitle=\"svadby\"\n\t\t\t\t\talt=\"svadby\"\n\t\t\t\t\tsrc=\"https:\/\/hotelgalanta.sk\/new\/wp-content\/gallery\/svadby\/thumbs\/thumbs_5.jpg\"\n\t\t\t\t\twidth=\"128\"\n\t\t\t\t\theight=\"96\"\n\t\t\t\t\tstyle=\"max-width:100%;\"\n\t\t\t\t\/>\n\t\t\t<\/a>\n\t\t<\/div>\n\t\t\t\t\t\t\t<\/div>\n\t\t\t\n\t\t\n\t\t\t\t<div id=\"ngg-image-5\" class=\"ngg-gallery-thumbnail-box\"\n\t\t\t\t\t\t\t\t\t\t\t>\n\t\t\t\t\t\t<div class=\"ngg-gallery-thumbnail\">\n\t\t\t<a href=\"https:\/\/hotelgalanta.sk\/new\/wp-content\/gallery\/svadby\/6.jpg\"\n\t\t\t\ttitle=\"\"\n\t\t\t\tdata-src=\"https:\/\/hotelgalanta.sk\/new\/wp-content\/gallery\/svadby\/6.jpg\"\n\t\t\t\tdata-thumbnail=\"https:\/\/hotelgalanta.sk\/new\/wp-content\/gallery\/svadby\/thumbs\/thumbs_6.jpg\"\n\t\t\t\tdata-image-id=\"69\"\n\t\t\t\tdata-title=\"svadby\"\n\t\t\t\tdata-description=\"\"\n\t\t\t\tdata-image-slug=\"6-jpg-6\"\n\t\t\t\tclass=\"ngg-fancybox\" rel=\"b9ce6845fabc4c8319ad98ce436d9716\">\n\t\t\t\t<img\n\t\t\t\t\ttitle=\"svadby\"\n\t\t\t\t\talt=\"svadby\"\n\t\t\t\t\tsrc=\"https:\/\/hotelgalanta.sk\/new\/wp-content\/gallery\/svadby\/thumbs\/thumbs_6.jpg\"\n\t\t\t\t\twidth=\"128\"\n\t\t\t\t\theight=\"96\"\n\t\t\t\t\tstyle=\"max-width:100%;\"\n\t\t\t\t\/>\n\t\t\t<\/a>\n\t\t<\/div>\n\t\t\t\t\t\t\t<\/div>\n\t\t\t\n\t\t\n\t\t\t\t<div id=\"ngg-image-6\" class=\"ngg-gallery-thumbnail-box\"\n\t\t\t\t\t\t\t\t\t\t\t>\n\t\t\t\t\t\t<div class=\"ngg-gallery-thumbnail\">\n\t\t\t<a href=\"https:\/\/hotelgalanta.sk\/new\/wp-content\/gallery\/svadby\/7.jpg\"\n\t\t\t\ttitle=\"\"\n\t\t\t\tdata-src=\"https:\/\/hotelgalanta.sk\/new\/wp-content\/gallery\/svadby\/7.jpg\"\n\t\t\t\tdata-thumbnail=\"https:\/\/hotelgalanta.sk\/new\/wp-content\/gallery\/svadby\/thumbs\/thumbs_7.jpg\"\n\t\t\t\tdata-image-id=\"70\"\n\t\t\t\tdata-title=\"svadby\"\n\t\t\t\tdata-description=\"\"\n\t\t\t\tdata-image-slug=\"7-jpg-6\"\n\t\t\t\tclass=\"ngg-fancybox\" rel=\"b9ce6845fabc4c8319ad98ce436d9716\">\n\t\t\t\t<img\n\t\t\t\t\ttitle=\"svadby\"\n\t\t\t\t\talt=\"svadby\"\n\t\t\t\t\tsrc=\"https:\/\/hotelgalanta.sk\/new\/wp-content\/gallery\/svadby\/thumbs\/thumbs_7.jpg\"\n\t\t\t\t\twidth=\"128\"\n\t\t\t\t\theight=\"96\"\n\t\t\t\t\tstyle=\"max-width:100%;\"\n\t\t\t\t\/>\n\t\t\t<\/a>\n\t\t<\/div>\n\t\t\t\t\t\t\t<\/div>\n\t\t\t\n\t\t\n\t\t\t\t<div id=\"ngg-image-7\" class=\"ngg-gallery-thumbnail-box\"\n\t\t\t\t\t\t\t\t\t\t\t>\n\t\t\t\t\t\t<div class=\"ngg-gallery-thumbnail\">\n\t\t\t<a href=\"https:\/\/hotelgalanta.sk\/new\/wp-content\/gallery\/svadby\/8.jpg\"\n\t\t\t\ttitle=\"\"\n\t\t\t\tdata-src=\"https:\/\/hotelgalanta.sk\/new\/wp-content\/gallery\/svadby\/8.jpg\"\n\t\t\t\tdata-thumbnail=\"https:\/\/hotelgalanta.sk\/new\/wp-content\/gallery\/svadby\/thumbs\/thumbs_8.jpg\"\n\t\t\t\tdata-image-id=\"71\"\n\t\t\t\tdata-title=\"svadby\"\n\t\t\t\tdata-description=\"\"\n\t\t\t\tdata-image-slug=\"8-jpg-6\"\n\t\t\t\tclass=\"ngg-fancybox\" rel=\"b9ce6845fabc4c8319ad98ce436d9716\">\n\t\t\t\t<img\n\t\t\t\t\ttitle=\"svadby\"\n\t\t\t\t\talt=\"svadby\"\n\t\t\t\t\tsrc=\"https:\/\/hotelgalanta.sk\/new\/wp-content\/gallery\/svadby\/thumbs\/thumbs_8.jpg\"\n\t\t\t\t\twidth=\"128\"\n\t\t\t\t\theight=\"96\"\n\t\t\t\t\tstyle=\"max-width:100%;\"\n\t\t\t\t\/>\n\t\t\t<\/a>\n\t\t<\/div>\n\t\t\t\t\t\t\t<\/div>\n\t\t\t\n\t\t\n\t\t\t\t<div id=\"ngg-image-8\" class=\"ngg-gallery-thumbnail-box\"\n\t\t\t\t\t\t\t\t\t\t\t>\n\t\t\t\t\t\t<div class=\"ngg-gallery-thumbnail\">\n\t\t\t<a href=\"https:\/\/hotelgalanta.sk\/new\/wp-content\/gallery\/svadby\/9.jpg\"\n\t\t\t\ttitle=\"\"\n\t\t\t\tdata-src=\"https:\/\/hotelgalanta.sk\/new\/wp-content\/gallery\/svadby\/9.jpg\"\n\t\t\t\tdata-thumbnail=\"https:\/\/hotelgalanta.sk\/new\/wp-content\/gallery\/svadby\/thumbs\/thumbs_9.jpg\"\n\t\t\t\tdata-image-id=\"72\"\n\t\t\t\tdata-title=\"svadby\"\n\t\t\t\tdata-description=\"\"\n\t\t\t\tdata-image-slug=\"9-jpg-5\"\n\t\t\t\tclass=\"ngg-fancybox\" rel=\"b9ce6845fabc4c8319ad98ce436d9716\">\n\t\t\t\t<img\n\t\t\t\t\ttitle=\"svadby\"\n\t\t\t\t\talt=\"svadby\"\n\t\t\t\t\tsrc=\"https:\/\/hotelgalanta.sk\/new\/wp-content\/gallery\/svadby\/thumbs\/thumbs_9.jpg\"\n\t\t\t\t\twidth=\"128\"\n\t\t\t\t\theight=\"96\"\n\t\t\t\t\tstyle=\"max-width:100%;\"\n\t\t\t\t\/>\n\t\t\t<\/a>\n\t\t<\/div>\n\t\t\t\t\t\t\t<\/div>\n\t\t\t\n\t\t\n\t\t\t\t<div id=\"ngg-image-9\" class=\"ngg-gallery-thumbnail-box\"\n\t\t\t\t\t\t\t\t\t\t\t>\n\t\t\t\t\t\t<div class=\"ngg-gallery-thumbnail\">\n\t\t\t<a href=\"https:\/\/hotelgalanta.sk\/new\/wp-content\/gallery\/svadby\/10.jpg\"\n\t\t\t\ttitle=\"\"\n\t\t\t\tdata-src=\"https:\/\/hotelgalanta.sk\/new\/wp-content\/gallery\/svadby\/10.jpg\"\n\t\t\t\tdata-thumbnail=\"https:\/\/hotelgalanta.sk\/new\/wp-content\/gallery\/svadby\/thumbs\/thumbs_10.jpg\"\n\t\t\t\tdata-image-id=\"73\"\n\t\t\t\tdata-title=\"svadby\"\n\t\t\t\tdata-description=\"\"\n\t\t\t\tdata-image-slug=\"10-jpg-5\"\n\t\t\t\tclass=\"ngg-fancybox\" rel=\"b9ce6845fabc4c8319ad98ce436d9716\">\n\t\t\t\t<img\n\t\t\t\t\ttitle=\"svadby\"\n\t\t\t\t\talt=\"svadby\"\n\t\t\t\t\tsrc=\"https:\/\/hotelgalanta.sk\/new\/wp-content\/gallery\/svadby\/thumbs\/thumbs_10.jpg\"\n\t\t\t\t\twidth=\"128\"\n\t\t\t\t\theight=\"96\"\n\t\t\t\t\tstyle=\"max-width:100%;\"\n\t\t\t\t\/>\n\t\t\t<\/a>\n\t\t<\/div>\n\t\t\t\t\t\t\t<\/div>\n\t\t\t\n\t\t\n\t\t\n\t\t<!-- Pagination -->\n\t\t<div class='ngg-clear'><\/div>\t<\/div>\n<\/p>\n","protected":false},"excerpt":{"rendered":"","protected":false},"author":1,"featured_media":0,"parent":0,"menu_order":0,"comment_status":"closed","ping_status":"open","template":"templates\/template-page-no-sidebar.php","meta":{"ngg_post_thumbnail":0,"footnotes":""},"class_list":["post-67","page","type-page","status-publish","hentry"],"aioseo_notices":[],"_links":{"self":[{"href":"https:\/\/hotelgalanta.sk\/new\/wp-json\/wp\/v2\/pages\/67","targetHints":{"allow":["GET"]}}],"collection":[{"href":"https:\/\/hotelgalanta.sk\/new\/wp-json\/wp\/v2\/pages"}],"about":[{"href":"https:\/\/hotelgalanta.sk\/new\/wp-json\/wp\/v2\/types\/page"}],"author":[{"embeddable":true,"href":"https:\/\/hotelgalanta.sk\/new\/wp-json\/wp\/v2\/users\/1"}],"replies":[{"embeddable":true,"href":"https:\/\/hotelgalanta.sk\/new\/wp-json\/wp\/v2\/comments?post=67"}],"version-history":[{"count":14,"href":"https:\/\/hotelgalanta.sk\/new\/wp-json\/wp\/v2\/pages\/67\/revisions"}],"predecessor-version":[{"id":2001,"href":"https:\/\/hotelgalanta.sk\/new\/wp-json\/wp\/v2\/pages\/67\/revisions\/2001"}],"wp:attachment":[{"href":"https:\/\/hotelgalanta.sk\/new\/wp-json\/wp\/v2\/media?parent=67"}],"curies":[{"name":"wp","href":"https:\/\/api.w.org\/{rel}","templated":true}]}}